{"id":11,"date":"2025-06-03T16:07:40","date_gmt":"2025-06-03T14:07:40","guid":{"rendered":"https:\/\/www.somanagingpartner.fr\/?page_id=11"},"modified":"2025-07-31T10:06:17","modified_gmt":"2025-07-31T08:06:17","slug":"professionnels-tout-secteur","status":"publish","type":"page","link":"https:\/\/www.somanagingpartner.fr\/index.php\/professionnels-tout-secteur\/","title":{"rendered":"Professionnels Tout Secteur"},"content":{"rendered":"\n<div class=\"wp-block-media-text is-stacked-on-mobile\"><figure class=\"wp-block-media-text__media\"><img loading=\"lazy\" decoding=\"async\" width=\"1024\" height=\"688\" src=\"https:\/\/www.somanagingpartner.fr\/wp-content\/uploads\/2025\/06\/business-man-9578719_1280-1024x688.png\" alt=\"\" class=\"wp-image-239 size-full\" srcset=\"https:\/\/www.somanagingpartner.fr\/wp-content\/uploads\/2025\/06\/business-man-9578719_1280-1024x688.png 1024w, https:\/\/www.somanagingpartner.fr\/wp-content\/uploads\/2025\/06\/business-man-9578719_1280-300x202.png 300w, https:\/\/www.somanagingpartner.fr\/wp-content\/uploads\/2025\/06\/business-man-9578719_1280-768x516.png 768w, https:\/\/www.somanagingpartner.fr\/wp-content\/uploads\/2025\/06\/business-man-9578719_1280.png 1280w\" sizes=\"auto, (max-width: 1024px) 100vw, 1024px\" \/><\/figure><div class=\"wp-block-media-text__content\">\n<h2 class=\"wp-block-heading\">Besoin de recourir \u00e0 un <strong>Office manager externalis\u00e9<\/strong>, l\u2019assistant pluridisciplinaire de votre gestion d\u2019entreprise&nbsp;?<\/h2>\n\n\n\n<p><em>Pour quelles missions&nbsp;?<\/em>&nbsp;: G\u00e9rer toutes les t\u00e2ches administratives, juridiques, financi\u00e8res, analytiques &amp; organisationnelles que personne ne peut accomplir, faute de temps et\/ou de comp\u00e9tences.<\/p>\n<\/div><\/div>\n\n\n\n<hr class=\"wp-block-separator has-alpha-channel-opacity\"\/>\n\n\n\n<h1 class=\"wp-block-heading has-text-align-center\">1. Gestion externalis\u00e9e PLURIDISCIPLINAIRE \/ Optimisation BACK-OFFICE<\/h1>\n\n\n\n<div class=\"wp-block-columns is-layout-flex wp-container-core-columns-is-layout-9d6595d7 wp-block-columns-is-layout-flex\">\n<div class=\"wp-block-column is-layout-flow wp-block-column-is-layout-flow\">\n<h2 class=\"wp-block-heading has-text-align-center\">Gestion administrative \/ Secr\u00e9tariat administratif<\/h2>\n\n\n\n<ul class=\"wp-block-list\">\n<li>Traitement du courrier<\/li>\n\n\n\n<li>Classement<\/li>\n\n\n\n<li>Agendas<\/li>\n\n\n\n<li>Compte-rendu de r\u00e9union<\/li>\n\n\n\n<li>Relations avec les administrations publiques<\/li>\n\n\n\n<li>Approvisionnement<\/li>\n\n\n\n<li>Organisation<\/li>\n\n\n\n<li>Planification<\/li>\n\n\n\n<li>Prises de notes, enregistrement, transcription et r\u00e9daction de documents divers<\/li>\n<\/ul>\n<\/div>\n\n\n\n<div class=\"wp-block-column is-layout-flow wp-block-column-is-layout-flow\">\n<h2 class=\"wp-block-heading has-text-align-center\">Gestion commerciale<\/h2>\n\n\n\n<ul class=\"wp-block-list\">\n<li>Elaboration des devis\/factures\/quittances<\/li>\n\n\n\n<li>Recouvrement<\/li>\n\n\n\n<li>Prospection<\/li>\n\n\n\n<li>Cr\u00e9ation de bases de donn\u00e9es<\/li>\n\n\n\n<li>Gestion des clients et fournisseurs<\/li>\n\n\n\n<li>Suivi de commandes<\/li>\n\n\n\n<li>Recherche de produits et services<\/li>\n\n\n\n<li>Gestion des r\u00e9seaux sociaux<\/li>\n\n\n\n<li>Gestion du site web<\/li>\n<\/ul>\n<\/div>\n\n\n\n<div class=\"wp-block-column is-layout-flow wp-block-column-is-layout-flow\">\n<h2 class=\"wp-block-heading has-text-align-center\">Gestion du Personnel \/ Ressources humaines<\/h2>\n\n\n\n<ul class=\"wp-block-list\">\n<li>Recherche de profils<\/li>\n\n\n\n<li>R\u00e9daction\/publication d&#8217;offres d&#8217;emplois<\/li>\n\n\n\n<li>R\u00e9daction de propositions commerciales<\/li>\n\n\n\n<li>Saisie des contrats de travail<\/li>\n\n\n\n<li>Saisie des lettres de mission<\/li>\n\n\n\n<li>Suivi des heures de travail\/cong\u00e9s\/arr\u00eats maladies<\/li>\n<\/ul>\n<\/div>\n<\/div>\n\n\n\n<div class=\"wp-block-columns is-layout-flex wp-container-core-columns-is-layout-9d6595d7 wp-block-columns-is-layout-flex\">\n<div class=\"wp-block-column is-layout-flow wp-block-column-is-layout-flow\">\n<h2 class=\"wp-block-heading has-text-align-center\">Pr\u00e9-comptabilit\u00e9<\/h2>\n\n\n\n<ul class=\"wp-block-list\">\n<li>Rapprochement bancaire<\/li>\n\n\n\n<li>Tableaux de bord<\/li>\n\n\n\n<li>Classement<\/li>\n\n\n\n<li>Montage de dossier pour professionnels du droit et du chiffre<\/li>\n<\/ul>\n<\/div>\n\n\n\n<div class=\"wp-block-column is-layout-flow wp-block-column-is-layout-flow\">\n<h2 class=\"wp-block-heading has-text-align-center\">Assistance Juridique<\/h2>\n\n\n\n<ul class=\"wp-block-list\">\n<li>Agr\u00e9ment<\/li>\n\n\n\n<li>Subventions<\/li>\n\n\n\n<li>Rel\u00e9cture de documents juridiques<\/li>\n\n\n\n<li>Recherches juridiques : dispositions l\u00e9gales et r\u00e9glementaires applicables \u00e0 une mati\u00e8re donn\u00e9e<\/li>\n<\/ul>\n\n\n\n<p><em><sup>*conform\u00e9ment aux dispositions de l&#8217;article 54 de la loi du 31.12.1971, SMP n&#8217;effectue pas de consultations juridiques \/ ne r\u00e9dige pas d&#8217;actes juridiques !<\/sup><\/em><\/p>\n<\/div>\n\n\n\n<div class=\"wp-block-column is-layout-flow wp-block-column-is-layout-flow\">\n<h2 class=\"wp-block-heading has-text-align-center\">Gestion \u00e9v\u00e9nementielle<\/h2>\n\n\n\n<ul class=\"wp-block-list\">\n<li>Planifier<\/li>\n\n\n\n<li>Organiser<\/li>\n\n\n\n<li>Ex\u00e9cuter des \u00e9v\u00e9nements<\/li>\n<\/ul>\n<\/div>\n<\/div>\n\n\n\n<hr class=\"wp-block-separator has-alpha-channel-opacity\"\/>\n\n\n\n<h1 class=\"wp-block-heading has-text-align-center\">2. Formalit\u00e9s Juridiques de Vie de Soci\u00e9t\u00e9<\/h1>\n\n\n\n<ul class=\"wp-block-list\">\n<li>Convocations aux Assembl\u00e9es G\u00e9n\u00e9rales &amp; PV d&#8217;AG : corrections orthographiques &amp; conformit\u00e9 statutaire<\/li>\n\n\n\n<li>Recherches juridiques cibl\u00e9es<\/li>\n\n\n\n<li>Conformit\u00e9 aux dispositions l\u00e9gales en vigueur applicables \u00e0 un secteur\/une mati\u00e8re sp\u00e9cifique<\/li>\n\n\n\n<li>Enregistrement des Formalit\u00e9s de cr\u00e9ation, modification et cessation d&#8217;entreprise<\/li>\n\n\n\n<li>Enregistrement des Formalit\u00e9s de protection de l&#8217;innovation<\/li>\n<\/ul>\n\n\n\n<hr class=\"wp-block-separator has-alpha-channel-opacity\"\/>\n\n\n\n<div class=\"wp-block-media-text is-stacked-on-mobile\"><figure class=\"wp-block-media-text__media\"><img decoding=\"async\" src=\"http:\/\/www.somanagingpartner.fr\/wp-content\/uploads\/2025\/06\/65Z_2201.w012.n001.25B.p12.25-1.jpg\" alt=\"\" class=\"wp-image-154 size-full\"\/><\/figure><div class=\"wp-block-media-text__content\">\n<h2 class=\"wp-block-heading\"><strong>NOS TARIFS <\/strong><em>&#8220;<\/em>pour PROFESSIONNELS tout secteur&#8221;<\/h2>\n<\/div><\/div>\n\n\n\n<div class=\"wp-block-columns alignwide is-layout-flex wp-container-core-columns-is-layout-829b1d53 wp-block-columns-is-layout-flex\" style=\"margin-bottom:0\">\n<div class=\"wp-block-column has-text-color has-background has-link-color wp-elements-e3e470c21dd607ed05daee8ebfd317fd is-layout-flow wp-block-column-is-layout-flow\" style=\"color:#000000;background-color:#ffe97d;padding-top:2em;padding-right:2em;padding-bottom:2em;padding-left:2em\">\n<h2 class=\"wp-block-heading\" id=\"single\" style=\"font-size:40px\">Tarif HORAIRE<\/h2>\n\n\n\n<p class=\"has-normal-font-size\" style=\"line-height:1.5\"><strong>Devis gratuit sur demande<\/strong><\/p>\n\n\n\n<hr class=\"wp-block-separator has-text-color has-css-opacity has-background is-style-wide\" style=\"background-color:#000000;color:#000000\"\/>\n\n\n\n<details class=\"wp-block-details is-layout-flow wp-block-details-is-layout-flow\"><summary>&#8211; 7 HEURES \/ MOIS<\/summary>\n<div class=\"wp-block-buttons is-content-justification-center is-layout-flex wp-container-core-buttons-is-layout-16018d1d wp-block-buttons-is-layout-flex\">\n<div class=\"wp-block-button\"><a class=\"wp-block-button__link wp-element-button\">62\u20ac ht \/ heure<\/a><\/div>\n<\/div>\n<\/details>\n\n\n\n<details class=\"wp-block-details is-layout-flow wp-block-details-is-layout-flow\"><summary>1 JOUR \/ MOIS<\/summary>\n<div class=\"wp-block-buttons is-content-justification-center is-layout-flex wp-container-core-buttons-is-layout-16018d1d wp-block-buttons-is-layout-flex\">\n<div class=\"wp-block-button\"><a class=\"wp-block-button__link wp-element-button\">57\u20ac ht \/ heure<\/a><\/div>\n<\/div>\n<\/details>\n\n\n\n<details class=\"wp-block-details is-layout-flow wp-block-details-is-layout-flow\"><summary>2 JOURS \/ MOIS<\/summary>\n<div class=\"wp-block-buttons is-content-justification-center is-layout-flex wp-container-core-buttons-is-layout-16018d1d wp-block-buttons-is-layout-flex\">\n<div class=\"wp-block-button\"><a class=\"wp-block-button__link wp-element-button\">52\u20ac ht \/ heure<\/a><\/div>\n<\/div>\n<\/details>\n\n\n\n<details class=\"wp-block-details is-layout-flow wp-block-details-is-layout-flow\"><summary>3 JOURS \/ MOIS<\/summary>\n<div class=\"wp-block-buttons is-content-justification-center is-layout-flex wp-container-core-buttons-is-layout-16018d1d wp-block-buttons-is-layout-flex\">\n<div class=\"wp-block-button\"><a class=\"wp-block-button__link wp-element-button\">47\u20ac ht \/ heure<\/a><\/div>\n<\/div>\n<\/details>\n\n\n\n<details class=\"wp-block-details is-layout-flow wp-block-details-is-layout-flow\"><summary>4 JOURS \/ MOIS<\/summary>\n<div class=\"wp-block-buttons is-content-justification-center is-layout-flex wp-container-core-buttons-is-layout-16018d1d wp-block-buttons-is-layout-flex\">\n<div class=\"wp-block-button\"><a class=\"wp-block-button__link wp-element-button\">42\u20ac ht \/ heure<\/a><\/div>\n<\/div>\n<\/details>\n\n\n\n<details class=\"wp-block-details is-layout-flow wp-block-details-is-layout-flow\"><summary>5 \u00e0 10 JOURS \/ MOIS<\/summary>\n<div class=\"wp-block-buttons is-content-justification-center is-layout-flex wp-container-core-buttons-is-layout-16018d1d wp-block-buttons-is-layout-flex\">\n<div class=\"wp-block-button\"><a class=\"wp-block-button__link wp-element-button\">37\u20ac ht \/ heure<\/a><\/div>\n<\/div>\n<\/details>\n\n\n\n<details class=\"wp-block-details is-layout-flow wp-block-details-is-layout-flow\"><summary>11 JOURS ou plus \/ MOIS<\/summary>\n<div class=\"wp-block-buttons is-content-justification-center is-layout-flex wp-container-core-buttons-is-layout-16018d1d wp-block-buttons-is-layout-flex\">\n<div class=\"wp-block-button\"><a class=\"wp-block-button__link wp-element-button\">32\u20ac ht \/ heure<\/a><\/div>\n<\/div>\n<\/details>\n<\/div>\n\n\n\n<div class=\"wp-block-column has-text-color has-background has-link-color wp-elements-3d524f14795aeaa0bdcbfe527ddbb85a is-layout-flow wp-block-column-is-layout-flow\" style=\"color:#000000;background-color:#c0ebf1;padding-top:2em;padding-right:2em;padding-bottom:2em;padding-left:2em\">\n<h2 class=\"wp-block-heading\" id=\"patron\" style=\"font-size:40px\"><strong><em>Modalit\u00e9s<\/em><\/strong><\/h2>\n\n\n\n<p class=\"has-normal-font-size\"><strong>N&#8217;h\u00e9sitez pas \u00e0 prendre directement attache avec nos services pour plus de renseignements.<\/strong><\/p>\n\n\n\n<hr class=\"wp-block-separator has-css-opacity is-style-wide\"\/>\n\n\n\n<ul class=\"wp-block-list has-normal-font-size\">\n<li>Prestations effectu\u00e9es \u00e0 distance ou sur site<\/li>\n\n\n\n<li>Tarifs s&#8217;entendant hors taxes, redevances, frais de greffe, frais de publicit\u00e9s, frais de repas et \u00e9ventuels frais de d\u00e9placement (facturable au del\u00e0 de 15 km)<\/li>\n\n\n\n<li>devis personnalis\u00e9 gratuit sur demande par mail<\/li>\n<\/ul>\n\n\n\n<div class=\"wp-block-buttons alignfull is-horizontal is-content-justification-center is-layout-flex wp-container-core-buttons-is-layout-499968f5 wp-block-buttons-is-layout-flex\">\n<div class=\"wp-block-button has-custom-width wp-block-button__width-100\"><a class=\"wp-block-button__link has-white-color has-text-color has-background no-border-radius wp-element-button\" style=\"background-color:#000000\">direction@somanagingpartner.fr<\/a><\/div>\n<\/div>\n<\/div>\n<\/div>\n\n\n\n<hr class=\"wp-block-separator has-alpha-channel-opacity\"\/>\n\n\n\n<div class=\"wp-block-media-text is-stacked-on-mobile\" style=\"grid-template-columns:24% auto\"><figure class=\"wp-block-media-text__media\"><img loading=\"lazy\" decoding=\"async\" width=\"500\" height=\"500\" src=\"http:\/\/www.somanagingpartner.fr\/wp-content\/uploads\/2025\/06\/Logo-SMP-bleu-PNG-2.png\" alt=\"\" class=\"wp-image-129 size-full\" srcset=\"https:\/\/www.somanagingpartner.fr\/wp-content\/uploads\/2025\/06\/Logo-SMP-bleu-PNG-2.png 500w, https:\/\/www.somanagingpartner.fr\/wp-content\/uploads\/2025\/06\/Logo-SMP-bleu-PNG-2-300x300.png 300w, https:\/\/www.somanagingpartner.fr\/wp-content\/uploads\/2025\/06\/Logo-SMP-bleu-PNG-2-150x150.png 150w\" sizes=\"auto, (max-width: 500px) 100vw, 500px\" \/><\/figure><div class=\"wp-block-media-text__content\">\n<p class=\"has-text-align-center\"><strong>SO MANAGING PARTNER<\/strong>, votre partenaire de confiance pour toutes vos <em>formalit\u00e9s juridiques<\/em> <em>d&#8217;entreprise<\/em> et <em>d\u00e9marches pluridisciplinaires quotidienne<\/em>s.<\/p>\n<\/div><\/div>\n","protected":false},"excerpt":{"rendered":"<p>Besoin de recourir \u00e0 un Office manager externalis\u00e9, l\u2019assistant pluridisciplinaire de votre gestion d\u2019entreprise&nbsp;? Pour quelles missions&nbsp;?&nbsp;: G\u00e9rer toutes les t\u00e2ches administratives, juridiques, financi\u00e8res, analytiques &amp; organisationnelles que personne ne peut accomplir, faute de temps et\/ou de comp\u00e9tences. 1. Gestion externalis\u00e9e PLURIDISCIPLINAIRE \/ Optimisation BACK-OFFICE Gestion administrative \/ Secr\u00e9tariat administratif Gestion commerciale Gestion du Personnel [&hellip;]<\/p>\n","protected":false},"author":1,"featured_media":0,"parent":0,"menu_order":0,"comment_status":"closed","ping_status":"closed","template":"","meta":{"footnotes":""},"class_list":["post-11","page","type-page","status-publish","hentry"],"_links":{"self":[{"href":"https:\/\/www.somanagingpartner.fr\/index.php\/wp-json\/wp\/v2\/pages\/11","targetHints":{"allow":["GET"]}}],"collection":[{"href":"https:\/\/www.somanagingpartner.fr\/index.php\/wp-json\/wp\/v2\/pages"}],"about":[{"href":"https:\/\/www.somanagingpartner.fr\/index.php\/wp-json\/wp\/v2\/types\/page"}],"author":[{"embeddable":true,"href":"https:\/\/www.somanagingpartner.fr\/index.php\/wp-json\/wp\/v2\/users\/1"}],"replies":[{"embeddable":true,"href":"https:\/\/www.somanagingpartner.fr\/index.php\/wp-json\/wp\/v2\/comments?post=11"}],"version-history":[{"count":25,"href":"https:\/\/www.somanagingpartner.fr\/index.php\/wp-json\/wp\/v2\/pages\/11\/revisions"}],"predecessor-version":[{"id":554,"href":"https:\/\/www.somanagingpartner.fr\/index.php\/wp-json\/wp\/v2\/pages\/11\/revisions\/554"}],"wp:attachment":[{"href":"https:\/\/www.somanagingpartner.fr\/index.php\/wp-json\/wp\/v2\/media?parent=11"}],"curies":[{"name":"wp","href":"https:\/\/api.w.org\/{rel}","templated":true}]}}